-8
Convert -9 (base 10) to base 12.
-9
What is -137 (base 9) in base 10?
-115
What is 111 (base 6) in base 3?
1121
What is 2 (base 9) in base 4?
2
What is -10010011 (base 2) in base 6?
-403
Convert -1000 (base 2) to base 15.
-8
48 (base 15) to base 14
4c
What is -50 (base 9) in base 10?
-45
Convert 23 (base 7) to base 4.
101
What is 1 (base 7) in base 6?
1
-211 (base 3) to base 16
-16
2 (base 5) to base 13
2
1 (base 6) to base 11
1
Convert 3c (base 15) to base 7.
111
What is 31 (base 6) in base 4?
103
Convert 2 (base 13) to base 9.
2
3c (base 16) to base 9
66
7 (base 10) to base 3
21
Convert -10010 (base 2) to base 5.
-33
Convert 5 (base 12) to base 2.
101
Convert 11 (base 2) to base 6.
3
Convert 3 (base 16) to base 10.
3
What is 1 (base 10) in base 12?
1
Convert 7 (base 16) to base 9.
7
Convert 3 (base 13) to base 5.
3
What is -5 (base 14) in base 16?
-5
0 (base 10) to base 14
0
Convert -174 (base 10) to base 8.
-256
Convert 114 (base 6) to base 9.
51
What is -132 (base 8) in base 2?
-1011010
What is -31 (base 4) in base 6?
-21
What is -3 (base 10) in base 7?
-3
What is -12 (base 4) in base 13?
-6
Convert 6 (base 11) to base 8.
6
1 (base 8) to base 16
1
What is 222 (base 4) in base 2?
101010
Convert -2 (base 8) to base 11.
-2
-3 (base 5) to base 9
-3
Convert -3 (base 4) to base 5.
-3
Convert 3 (base 11) to base 4.
3
Convert 38 (base 12) to base 10.
44
Convert -3 (base 9) to base 3.
-10
What is 211 (base 3) in base 12?
1a
8 (base 15) to base 5
13
7 (base 13) to base 4
13
Convert -10100 (base 2) to base 9.
-22
What is 11 (base 5) in base 10?
6
Convert -2e (base 16) to base 12.
-3a
-43 (base 9) to base 2
-100111
Convert -1 (base 11) to base 13.
-1
What is -7 (base 9) in base 12?
-7
Convert 123 (base 7) to base 15.
46
Convert -24 (base 5) to base 8.
-16
Convert 186 (base 9) to base 3.
12220
What is -14 (base 14) in base 3?
-200
-110100 (base 2) to base 14
-3a
What is 33 (base 4) in base 5?
30
What is 4 (base 15) in base 3?
11
What is 11111 (base 2) in base 15?
21
What is 0 (base 9) in base 4?
0
-15 (base 16) to base 14
-17
What is 11 (base 5) in base 13?
6
What is -26 (base 10) in base 6?
-42
What is -11 (base 8) in base 6?
-13
1 (base 5) to base 16
1
Convert 300 (base 5) to base 7.
135
What is 3 (base 5) in base 14?
3
3 (base 12) to base 2
11
-3 (base 14) to base 2
-11
2 (base 3) to base 15
2
Convert 4 (base 8) to base 2.
100
2 (base 6) to base 8
2
What is -1 (base 4) in base 3?
-1
Convert 177 (base 8) to base 6.
331
21 (base 6) to base 8
15
What is -5 (base 7) in base 8?
-5
What is 5 (base 6) in base 9?
5
What is 3 (base 14) in base 8?
3
Convert -30 (base 7) to base 8.
-25
Convert 3 (base 10) to base 15.
3
3 (base 7) to base 6
3
a (base 16) to base 13
a
Convert 11 (base 2) to base 14.
3
Convert -300 (base 4) to base 15.
-33
Convert 343 (base 7) to base 9.
217
What is 5c (base 13) in base 2?
1001101
What is -1110011 (base 2) in base 4?
-1303
-2 (base 13) to base 16
-2
-201 (base 4) to base 10
-33
What is 31 (base 13) in base 8?
50
Convert -432 (base 6) to base 10.
-164
-7 (base 12) to base 15
-7
-22 (base 3) to base 9
-8
What is d (base 15) in base 13?
10
-2021 (base 3) to base 5
-221
-111 (base 2) to base 3
-21
What is -7 (base 13) in base 16?
-7
Convert 5 (base 10) to base 14.
5
-44 (base 5) to base 14
-1a
Convert 56 (base 7) to base 16.
29
What is -111100 (base 2) in base 13?
-48
4d (base 15) to base 2
1001001
Convert -30 (base 13) to base 12.
-33
Convert 70 (base 9) to base 3.
2100
Convert -7 (base 16) to base 5.
-12
6a (base 15) to base 5
400
What is -1 (base 3) in base 4?
-1
323 (base 4) to base 15
3e
Convert -104 (base 9) to base 13.
-67
-15 (base 8) to base 6
-21
-3 (base 16) to base 12
-3
5 (base 10) to base 2
101
-4 (base 8) to base 4
-10
100 (base 2) to base 8
4
What is 5 (base 6) in base 3?
12
-13 (base 14) to base 13
-14
Convert -112 (base 5) to base 13.
-26
54 (base 7) to base 13
30
2 (base 7) to base 11
2
-1 (base 16) to base 10
-1
10 (base 6) to base 12
6
What is -100102 (base 3) in base 5?
-2004
4 (base 8) to base 5
4
130 (base 16) to base 11
257
Convert -4d (base 14) to base 16.
-45
Convert 1 (base 14) to base 2.
1
-3 (base 5) to base 13
-3
What is -20 (base 8) in base 12?
-14
What is -10 (base 5) in base 16?
-5
Convert 47 (base 11) to base 2.
110011
-120 (base 7) to base 3
-2100
Convert 2 (base 4) to base 9.
2
2112 (base 3) to base 5
233
What is -130 (base 4) in base 5?
-103
Convert -42 (base 6) to base 8.
-32
What is -3 (base 8) in base 12?
-3
Convert -44 (base 7) to base 6.
-52
Convert -7 (base 15) to base 9.
-7
What is -1 (base 13) in base 3?
-1
Convert 24 (base 6) to base 2.
10000
8b (base 13) to base 12
97
-5c (base 16) to base 3
-10102
1 (base 12) to base 13
1
Convert -144 (base 6) to base 4.
-1000
Convert b (base 13) to base 2.
1011
-10010101 (base 2) to base 7
-302
Convert 5 (base 10) to base 7.
5
What is 12 (base 5) in base 10?
7
What is 4 (base 15) in base 5?
4
535 (base 8) to base 5
2344
Convert 81 (base 9) to base 8.
111
What is -120 (base 5) in base 16?
-23
What is a8 (base 11) in base 6?
314
Convert -10111 (base 2) to base 7.
-32
What is -186 (base 10) in base 15?
-c6
Convert 14 (base 11) to base 3.
120
Convert 20 (base 8) to base 15.
11
What is -5 (base 7) in base 5?
-10
Convert -10 (base 3) to base 2.
-11
0 (base 15) to base 3
0
What is 1 (base 5) in base 3?
1
What is -101 (base 2) in base 9?
-5
-45 (base 12) to base 7
-104
Convert -1 (base 11) to base 14.
-1
What is -2 (base 8) in base 4?
-2
Convert -1101 (base 2) to base 5.
-23
Convert -101001 (base 2) to base 3.
-1112
Convert -19 (base 11) to base 2.
-10100
Convert 3 (base 7) to base 14.
3
136 (base 15) to base 11
231
Convert 113 (base 5) to base 12.
29
What is -4 (base 16) in base 5?
-4
Convert 10 (base 10) to base 13.
a
What is -9 (base 11) in base 3?
-100
What is -72 (base 10) in base 7?
-132
202 (base 3) to base 8
24
What is -220 (base 3) in base 4?
-120
21 (base 3) to base 7
10
What is 3 (base 6) in base 3?
10
Convert 262 (base 7) to base 15.
97
Convert 86 (base 12) to base 10.
102
Convert 28 (base 16) to base 4.
220
45 (base 6) to base 3
1002
-2101 (base 3) to base 12
-54
16 (base 8) to base 13
11
What is 8 (base 9) in base 4?
20
-10 (base 5) to base 3
-12
What is 2 (base 10) in base 2?
10
What is -200 (base 5) in base 3?
-1212
-37 (base 15) to base 5
-202
What is -5 (base 9) in base 14?
-5
What is -6 (base 9) in base 14?
-6
Convert 0 (base 13) to base 4.
0
Convert 111 (base 4) to base 7.
30
2 (base 9) to base 13
2
What is -5 (base 9) in base 2?
-101
What is 4 (base 14) in base 15?
4
What is -333 (base 10) in base 9?
-410
Convert -20 (base 9) to base 12.
-16
What is -1031 (base 4) in base 7?
-140
Convert 3 (base 4) to base 3.
10
-32 (base 13) to base 2
-101001
4 (base 12) to base 7
4
What is 12 (base 10) in base 12?
10
10 (base 2) to base 3
2
What is -101 (base 6) in base 9?
-41
Convert -4 (base 10) to base 12.
-4
What is -32 (base 5) in base 12?
-15
Convert -5 (base 10) to base 12.
-5
-11101001 (base 2) to base 13
-14c
Convert -27 (base 13) to base 5.
-113
Convert 10000 (base 2) to base 7.
22
-21 (base 15) to base 16
-1f
Convert 2 (base 10) to base 15.
2
Convert -106 (base 7) to base 11.
-50
-554 (base 7) to base 13
-18b
11 (base 5) to base 7
6
Convert 0 (base 14) to base 11.
0
9 (base 14) to base 5
14
What is 4 (base 11) in base 15?
4
Convert -2132 (base 4) to base 12.
-112
130 (base 4) to base 13
22
a5 (base 15) to base 4
2123
13 (base 13) to base 11
15
What is -3 (base 9) in base 10?
-3
What is 1102 (base 4) in base 8?
122
Convert 63 (base 8) to base 7.
102
-12 (base 16) to base 13
-15
What is -10221 (base 3) in base 16?
-6a
What is 1010 (base 2) in base 9?
11
What is -5 (base 16) in base 10?
-5
Convert -100 (base 2) to base 6.
-4
2 (base 13) to base 9
2
-5 (base 9) to base 15
-5
What is 1 (base 7) in base 10?
1
22 (base 6) to base 5
24
Convert 0 (base 4) to base 5.
0
Convert -102 (base 7) to base 14.
-39
133 (base 9) to base 13
87
Convert 7 (base 16) to base 12.
7
What is 121 (base 5) in base 6?
100
-414 (base 9) to base 6
-1321
Convert 70 (base 15) to base 8.
151
34 (base 10) to base 13
28
What is -5b (base 13) in base 4?
-1030
What is 205 (base 6) in base 3?
2212
-7 (base 10) to base 9
-7
What is -3 (base 4) in base 11?
-3
What is -1001 (ba